*2 - 2. Let i(j) = j**2 + 6*j + 7. Suppose -4*g = -6*g + 10. Suppose -6 - 19 = g*f. Let t be i(f). Calculate h(t).
-6
Let o(h) be the second derivative of h**3/2 + 3*h**2 - 8*h. Give o(-4).
-6
Let f(d) = -d**3 + 3*d**2. Let n be 5 - 1 - (1 + 0). Suppose k + n*k + 24 = 0. Let s be -2*(-9)/k*-1. Determine f(s).
0
Let r(v) = -3*v - 6. Let f be 210/(-56) - 1/4. Determine r(f).
6
Let q be 2 - 0 - (-1 - -8). Let d(k) = -k**3 + 5*k**2 + 7*k - 7. Let p be d(6). Let c(i) = i + 2. Let g(v) = -1. Let l(h) = p*c(h) - 2*g(h). Determine l(q).
5
Let j be 56/35 - 1 - (-54)/10. Let i(b) = 2*b + 2. Determine i(j).
14
Suppose -18 = -2*d - 8. Let t(v) = -v - 1. What is t(d)?
-6
Let v(y) = 2*y**3 - 4*y**2 + 2*y + 1. Let z be v(2). Let b(w) = -w**2 + 4*w - 1. Calculate b(z).
-6
Let u = 23 - 3. Suppose -o + 5*t - u = 0, -2*o + 3*t = o + 24. Let w(s) = -s**2 - 5*s - 1. What is w(o)?
-1
Let d(t) = -t**3 - 5*t**2 + 1. Let a = 51 + -55. Determine d(a).
-15
Let k(g) = 9*g. Let u(p) = 19*p + 3. Let f(z) = -550*z - 88. Let t(l) = 3*f(l) + 88*u(l). Let m(j) = 12*k(j) - 5*t(j). Determine m(-2).
4
Let v be -6*(2 + (1 - 2)). Let c be ((-2)/v)/(2/30). Let o(f) = 2*f**3 + 3*f - f**3 - 6*f**2 + 0*f**2 + c. Calculate o(5).
-5
Let a(n) = -8*n - 2. Let k(c) = -c - 1. Let z(o) = a(o) - 5*k(o). What is z(2)?
-3
Suppose -2*o - 7*l + 8 = -2*l, o - 5*l + 11 = 0. Let g(c) = 26*c**3 + 2*c**2 + 2*c + 1. Determine g(o).
-25
Let x(b) = -b**3 + b**2 + b + 2. Suppose 80 = -4*m - 3*i + 8, 3*i + 42 = -2*m. Let k = 15 + m. Calculate x(k).
2
Let b(l) = -2*l + 7. Let h = 38 + -33. What is b(h)?
-3
Let t(o) = -o**3 + 7*o**2 + o + 2. Let a(i) = -i + 3. Let g be a(-4). Calculate t(g).
9
Let n = -5 + 0. Let c(y) = 7*y - 1. Let v(a) = a - 1. Let q(k) = c(k) - 6*v(k). What is q(n)?
0
Let l(g) = 4 + 2*g + g - 9 - 4*g. What is l(-7)?
2
Let i(f) be the second derivative of -f**4/12 - 2*f**3/3 - f**2 - 11*f. Suppose 5*a + 0*x = -4*x - 36, -5*a = x + 24. Determine i(a).
-2
Let m(t) = t**2 + 6*t - 9. Let b(p) = -p**2 + 2*p - 4. Let v be b(3). Calculate m(v).
-2
Let n = -87 - -5221/60. Let m(y) be the third derivative of 0 - 5/24*y**4 - y**2 + 0*y + n*y**5 + 1/2*y**3. What is m(4)?
-1
Let m(y) = y**2 - 7*y + 6. Let c be ((-30)/8)/(18/(-24)). Calculate m(c).
-4
Let y be (1/3)/((-2)/18). Let p(g) = -4*g**3 + g**2 + 6*g + 2. Let h be -4*3/12*-3. Let x(n) = -n**3 + n**2 + n + 1. Let q(b) = h*x(b) - p(b). Calculate q(y).
1
Let a(j) = -j + 6. Suppose -5 = 4*p + 5*i, -2*p - 12 = 4*i - 2. Let h(u) = u - 2. Let w be h(p). What is a(w)?
3
Let h = 1 + 1. Let v(y) = -2*y**2 + 2*y + 2. Let i be v(h). Let j(l) = -l**3 + l**2 + 2*l + 1. Calculate j(i).
9
Let f(m) = m**2 + 8*m + 5. Let b be f(-6). Let u = b - -4. Let v(x) = x + 2. Let w(s) = -s - 3. Let k(j) = -5*v(j) - 2*w(j). Calculate k(u).
5
Let u(k) = -k**2 - k - 6. Suppose 5*g - 5 = -7*c + 2*c, 0 = -3*c - 2*g. Let s be (1 - 1)/(4 + c). What is u(s)?
-6
Let a be ((-2)/(-3))/((-12)/108). Let g(j) = -j**3 - 7*j**2 - 11*j + 1. Let p(s) = s. Let o(m) = g(m) + 5*p(m). Determine o(a).
1
Let b(r) be the second derivative of r**5/2 + r**4/12 + r**3/6 + r**2/2 + 2*r. Let m(z) = -z - 6. Let g be m(-5). Let t = -2 - g. Give b(t).
-9
Let y(n) be the second derivative of n + 1/360*n**6 + 1/6*n**3 + 0*n**2 + 5/24*n**4 - 1/30*n**5 + 0. Let o(p) be the second derivative of y(p). What is o(4)?
5
Let d(r) = r + 5. Suppose 3*v = -0*t - 4*t + 154, -5*t - v = -198. Let y = t - 29. Suppose -3*i = 4 + y. What is d(i)?
0
Let l(n) = -n**2 + 6*n + 2. Let q = -17 - -9. Let g = 13 + q. Calculate l(g).
7
Let z be (-7 + 7)/(-1*1). Let m(b) = -b**3 - b. Calculate m(z).
0
Let v(b) = -3*b + 3. Let k(w) = -8*w + 8. Let p(z) = 4*k(z) - 11*v(z). Suppose -j + 2 = j. Calculate p(j).
0
Let k(r) = -10*r**2 - r. Suppose 10 = h + 4*j, j = h - 0*j - 20. Suppose 4*n - n + h = 2*t, -8 = -4*t - n. Suppose -t = 4*q + 1. Calculate k(q).
-9
Let w(s) be the first derivative of -2*s**2 + s - 67. Give w(-2).
9
Let i(u) = 2*u + 14. Suppose -5*w + 0*w = 15. Let q(n) = -n - 7. Let l(r) = w*i(r) - 5*q(r). Let m be -12 + (-24)/(-4) + 2/1. Calculate l(m).
-3
Let k be 8/(-12) - (-40)/6. Let q = -1 + k. Let n(d) = d**2 - 3*d + 2. Calculate n(q).
12
Let h(y) = -12 - 2*y + 11 + 8*y. Determine h(1).
5
Let i be (-4)/(-3) - 4/(-6). Let l(u) = u - 1 + 6*u - i*u. Suppose -3*s + 2*n = -0*s + 5, 4*n = 16. Calculate l(s).
4
Let m(y) = -5*y. Let s = 25 + -15. Let j = -12 + s. Calculate m(j).
10
Let m(q) = -q**3 - 6*q**2 - 4*q + 4. Let s(c) = 3*c + 1. Suppose 2*x = -x - 6. Let l be s(x). Calculate m(l).
-1
Let a(t) = t. Suppose -4 = -5*u + 11. Suppose -204 = 4*v + 2*m, 0 = u*m - 2 - 4. Let c be v/(-14) + 2/7. Determine a(c).
4
Suppose 2*p - 13 = -3*k + p, 2*k - 2*p = 6. Let o = k + -7. Let m(i) = 5*i + 6. Let q(j) = -j - 1. Let u(g) = -m(g) - 2*q(g). Give u(o).
5
Let n(i) = -2*i**2 - 2*i - 1. Let t(u) = -u + 15. Let d be t(17). Calculate n(d).
-5
Let r be (1/(-90))/((-24)/36). Let d(p) be the third derivative of 0 + 1/6*p**4 - p**3 + 0*p - 3*p**2 - r*p**5. What is d(4)?
-6
Let r(s) = -s**3 + 3*s**2 + 2*s. Let a = -5 - -11. Let j = a + -2. Determine r(j).
-8
Suppose 2*p - 5*n - 17 = -p, -n = 2*p - 33. Suppose -j = 2*y - 0*y - p, -5*j = -2*y - 10. Let x(q) = -1 - j*q + 9*q**2 + 4*q - 2*q. Give x(-1).
10
Let p(x) = -1. Let f(y) = -y + 7. Let q(a) = -f(a) - 6*p(a). Let g be 1 - 0/(-2) - -3. Let h be q(g). Let d(t) = t**2 - 3*t + 3. Determine d(h).
3
Let p(v) = v**3 - 3*v**2 + 2*v - 4. Let t(w) = w**3 + 8*w**2 + 7*w + 3. Let n be t(-7). Determine p(n).
2
Let l be 1102/(-285) + (-1 - 26/(-30)). Suppose -2*b + 40 = -6*i + i, -3*b = 3*i + 3. Let r = l - i. Let v(t) = -t + 2. Calculate v(r).
0
Let l(z) = z**2. Suppose 2*q = 3*q - 3. Let v(c) = c**3 - 10*c**2 + 5*c + 1. Let a(n) = q*l(n) + v(n). What is a(6)?
-5
Let i(s) = s**2 + s - 4. Let u be i(-3). Let a(z) = 2*z**u + z**2 - z**2. Let w be -4 + 1*(2 - 0). Calculate a(w).
8
Let s(c) be the first derivative of -c**3/3 + c**2/2 + c + 2. Determine s(0).
1
Let n(u) = -3*u**2 + 3*u + 6. Let x(j) = -10*j**2 + 10*j + 19. Let d(r) = 7*n(r) - 2*x(r). Give d(-3).
-8
Let d(z) = -12*z**2 + 2*z + 11*z**2 - 5 + 4*z. Let v be (15/9)/(1/3). Determine d(v).
0
Let z(r) = r**3 + r**2 - 5*r + 2. Let y(v) = 2*v**3 - 6*v + 3. Let f(n) = -2*y(n) + 3*z(n). Let l(a) = -a**3 + 6*a**2 - 5*a + 2. Let k be l(5). Determine f(k).
-2
Let x be 0 - (-1 + 2) - -2. Let p be -2*x + 6 + -3. Let d(b) = 14*b - 1. Calculate d(p).
13
Let h(i) = -5*i - 2. Let k(c) = -c. Let g be k(-4). Let y be ((-9)/6 + 1)*g. Determine h(y).
8
Let r(c) = 2*c + 5*c + 5 - 9*c - 1. Determine r(-6).
16
Let f(p) = -p. Let u(k) = -8*k + 1. Let w(c) = -4*f(c) + u(c). Give w(4).
-15
Let b = -43 + 39. Let k(s) = s + 2. Give k(b).
-2
Let t(i) = -i**3 - 3*i**2 + 2*i + 1. Let o(m) = -m**2 + 7*m - 3. Let n be o(7). Determine t(n).
-5
Let x(s) = -s - 5. Let w be (0 - 1)/(-7 + (-288)/(-42)). Calculate x(w).
-12
Let x(r) = -7*r**2 + 0*r + 6*r**2 + 4 - 3*r. Give x(-4).
0
Let o(c) = c + 1 + 5*c + c**2 + 0*c. Let l = 34 - 39. Calculate o(l).
-4
Let c(k) = 6*k - 56. Let w(m) = -m**3 - 11*m**2 - 9*m + 10. Let v be w(-10). Let a(x) = x + 0 - 11 + v*x. Let l(t) = 11*a(t) - 2*c(t). What is l(-5)?
-4
Let r(l) = -2*l - 3. Let u = -28 - -26. Give r(u).
1
Suppose -4*v + 0*v = -8. Let n(w) = -2*w - w**3 + 2*w**2 + v + 2*w**3 - 5 - 2*w. What is n(-2)?
5
Let o(i) be the second derivative of i**3/2 - 3*i**2/2 - 28*i. Let b(p) = -p**3 + 7*p**2 - 5*p - 1. Let j be b(6). What is o(j)?
12
Suppose -3*k - 4*u = -14, u = -0*u + 2. Let c(p) = p**3 - 6*p**2 + 3*p. Calculate c(k).
-10
Let u(v) = 8*v**2 - 7*v + 1. Let l(c) = 7*c**2 - 6*c + 1. Let s(d) = 7*l(d) - 6*u(d). Let h = -2 - -3. Let n = -1 + h. Determine s(n).
1
Let w(a) = -a**3 + 9*a**2 - 7*a + 1. Let z be w(8). Let g = z - 6. Let y(d) = -d**3 + 4*d**2 - 2*d - 1. Determine y(g).
2
Let d(f) be the third derivative of 1/6*f**3 + 1/24*f**4 + 0*f - f**2 + 1/15*f**5 + 0. What is d(-1)?
4
Suppose 5 - 6 = p. Let j(b) = 8*b**3 - 11*b**2 + 11*b + 9. Let y(o) = -5*o**3 + 6*o**2 - 6*o - 5. Let a(s) = 6*j(s) + 11*y(s). What is a(p)?
6
Let n(u) = u - 4. Let c = 13 - 1. Let b be (-2)/(-3) + 28/c. Calculate n(b).
-1
Suppose -2*b = -3*b + 2*j + 1, -5*j = -2*b + 1. Suppose 4 + b = -l. Let q(v) = -v**2 - 6*v + 1. Calculate q(l).
-6
Suppose u - 6 = 3*q, -